{"id":10,"date":"2022-02-12T14:43:10","date_gmt":"2022-02-12T06:43:10","guid":{"rendered":"http:\/\/icmt2022.nkust.org\/?page_id=10"},"modified":"2022-08-17T09:26:07","modified_gmt":"2022-08-17T01:26:07","slug":"committees","status":"publish","type":"page","link":"https:\/\/icmt2022.nkust.edu.tw\/index.php\/committees\/","title":{"rendered":"Committees"},"content":{"rendered":"\t\t<div data-elementor-type=\"wp-page\" data-elementor-id=\"10\" class=\"elementor elementor-10\">\n\t\t\t\t\t\t\t\t\t<section class=\"elementor-section elementor-top-section elementor-element elementor-element-717d1cf elementor-section-boxed elementor-section-height-default elementor-section-height-default\" data-id=\"717d1cf\" data-element_type=\"section\">\n\t\t\t\t\t\t<div class=\"elementor-container elementor-column-gap-default\">\n\t\t\t\t\t<div class=\"elementor-column elementor-col-33 elementor-top-column elementor-element elementor-element-a4e7879\" data-id=\"a4e7879\" data-element_type=\"column\">\n\t\t\t<div class=\"elementor-widget-wrap elementor-element-populated\">\n\t\t\t\t\t\t\t\t<div class=\"elementor-element elementor-element-7a9783b elementor-widget elementor-widget-heading\" data-id=\"7a9783b\" data-element_type=\"widget\" data-widget_type=\"heading.default\">\n\t\t\t\t<div class=\"elementor-widget-container\">\n\t\t\t<style>\/*! elementor - v3.6.5 - 27-04-2022 *\/\n.elementor-heading-title{padding:0;margin:0;line-height:1}.elementor-widget-heading .elementor-heading-title[class*=elementor-size-]>a{color:inherit;font-size:inherit;line-height:inherit}.elementor-widget-heading .elementor-heading-title.elementor-size-small{font-size:15px}.elementor-widget-heading .elementor-heading-title.elementor-size-medium{font-size:19px}.elementor-widget-heading .elementor-heading-title.elementor-size-large{font-size:29px}.elementor-widget-heading .elementor-heading-title.elementor-size-xl{font-size:39px}.elementor-widget-heading .elementor-heading-title.elementor-size-xxl{font-size:59px}<\/style><h4 class=\"elementor-heading-title elementor-size-default\">Honorable Chairs<\/h4>\t\t<\/div>\n\t\t\t\t<\/div>\n\t\t\t\t\t<\/div>\n\t\t<\/div>\n\t\t\t\t<div class=\"elementor-column elementor-col-33 elementor-top-column elementor-element elementor-element-594d7d1\" data-id=\"594d7d1\" data-element_type=\"column\">\n\t\t\t<div class=\"elementor-widget-wrap elementor-element-populated\">\n\t\t\t\t\t\t\t\t<div class=\"elementor-element elementor-element-62558c3 elementor-widget elementor-widget-heading\" data-id=\"62558c3\" data-element_type=\"widget\" data-widget_type=\"heading.default\">\n\t\t\t\t<div class=\"elementor-widget-container\">\n\t\t\t<h4 class=\"elementor-heading-title elementor-size-default\">General Chair<\/h4>\t\t<\/div>\n\t\t\t\t<\/div>\n\t\t\t\t\t<\/div>\n\t\t<\/div>\n\t\t\t\t<div class=\"elementor-column elementor-col-33 elementor-top-column elementor-element elementor-element-a6a0eeb\" data-id=\"a6a0eeb\" data-element_type=\"column\">\n\t\t\t<div class=\"elementor-widget-wrap elementor-element-populated\">\n\t\t\t\t\t\t\t\t<div class=\"elementor-element elementor-element-8e38f0d elementor-widget elementor-widget-heading\" data-id=\"8e38f0d\" data-element_type=\"widget\" data-widget_type=\"heading.default\">\n\t\t\t\t<div class=\"elementor-widget-container\">\n\t\t\t<h4 class=\"elementor-heading-title elementor-size-default\">General Co-Chairs<\/h4>\t\t<\/div>\n\t\t\t\t<\/div>\n\t\t\t\t\t<\/div>\n\t\t<\/div>\n\t\t\t\t\t\t\t<\/div>\n\t\t<\/section>\n\t\t\t\t<section class=\"elementor-section elementor-top-section elementor-element elementor-element-c19b050 elementor-section-boxed elementor-section-height-default elementor-section-height-default\" data-id=\"c19b050\" data-element_type=\"section\">\n\t\t\t\t\t\t<div class=\"elementor-container elementor-column-gap-default\">\n\t\t\t\t\t<div class=\"elementor-column elementor-col-33 elementor-top-column elementor-element elementor-element-995587a\" data-id=\"995587a\" data-element_type=\"column\">\n\t\t\t<div class=\"elementor-widget-wrap elementor-element-populated\">\n\t\t\t\t\t\t\t\t<div class=\"elementor-element elementor-element-0ee08f2 elementor-widget elementor-widget-text-editor\" data-id=\"0ee08f2\" data-element_type=\"widget\" data-widget_type=\"text-editor.default\">\n\t\t\t\t<div class=\"elementor-widget-container\">\n\t\t\t<style>\/*! elementor - v3.6.5 - 27-04-2022 *\/\n.elementor-widget-text-editor.elementor-drop-cap-view-stacked .elementor-drop-cap{background-color:#818a91;color:#fff}.elementor-widget-text-editor.elementor-drop-cap-view-framed .elementor-drop-cap{color:#818a91;border:3px solid;background-color:transparent}.elementor-widget-text-editor:not(.elementor-drop-cap-view-default) .elementor-drop-cap{margin-top:8px}.elementor-widget-text-editor:not(.elementor-drop-cap-view-default) .elementor-drop-cap-letter{width:1em;height:1em}.elementor-widget-text-editor .elementor-drop-cap{float:left;text-align:center;line-height:1;font-size:50px}.elementor-widget-text-editor .elementor-drop-cap-letter{display:inline-block}<\/style>\t\t\t\t<p>Ching-Yu Yang\u00a0<\/p><p>Nobuyuki Iwatsuki<\/p>\t\t\t\t\t\t<\/div>\n\t\t\t\t<\/div>\n\t\t\t\t\t<\/div>\n\t\t<\/div>\n\t\t\t\t<div class=\"elementor-column elementor-col-33 elementor-top-column elementor-element elementor-element-fe15034\" data-id=\"fe15034\" data-element_type=\"column\">\n\t\t\t<div class=\"elementor-widget-wrap elementor-element-populated\">\n\t\t\t\t\t\t\t\t<div class=\"elementor-element elementor-element-1d7dd5c elementor-widget elementor-widget-text-editor\" data-id=\"1d7dd5c\" data-element_type=\"widget\" data-widget_type=\"text-editor.default\">\n\t\t\t\t<div class=\"elementor-widget-container\">\n\t\t\t\t\t\t\t<p>Ker-Wei Yu<\/p>\t\t\t\t\t\t<\/div>\n\t\t\t\t<\/div>\n\t\t\t\t\t<\/div>\n\t\t<\/div>\n\t\t\t\t<div class=\"elementor-column elementor-col-33 elementor-top-column elementor-element elementor-element-0605f0c\" data-id=\"0605f0c\" data-element_type=\"column\">\n\t\t\t<div class=\"elementor-widget-wrap elementor-element-populated\">\n\t\t\t\t\t\t\t\t<div class=\"elementor-element elementor-element-2f999ea elementor-widget elementor-widget-text-editor\" data-id=\"2f999ea\" data-element_type=\"widget\" data-widget_type=\"text-editor.default\">\n\t\t\t\t<div class=\"elementor-widget-container\">\n\t\t\t\t\t\t\t<p>Yung-Tien Liu<\/p><p>Ming-Shyan Huang<\/p><p>JJ Chong<\/p>\t\t\t\t\t\t<\/div>\n\t\t\t\t<\/div>\n\t\t\t\t\t<\/div>\n\t\t<\/div>\n\t\t\t\t\t\t\t<\/div>\n\t\t<\/section>\n\t\t\t\t<section class=\"elementor-section elementor-top-section elementor-element elementor-element-84cf87a elementor-section-boxed elementor-section-height-default elementor-section-height-default\" data-id=\"84cf87a\" data-element_type=\"section\">\n\t\t\t\t\t\t<div class=\"elementor-container elementor-column-gap-default\">\n\t\t\t\t\t<div class=\"elementor-column elementor-col-33 elementor-top-column elementor-element elementor-element-bcfc23d\" data-id=\"bcfc23d\" data-element_type=\"column\">\n\t\t\t<div class=\"elementor-widget-wrap elementor-element-populated\">\n\t\t\t\t\t\t\t\t<div class=\"elementor-element elementor-element-f94cc76 elementor-widget elementor-widget-heading\" data-id=\"f94cc76\" data-element_type=\"widget\" data-widget_type=\"heading.default\">\n\t\t\t\t<div class=\"elementor-widget-container\">\n\t\t\t<h4 class=\"elementor-heading-title elementor-size-default\">Technical Program Co-Chairs<\/h4>\t\t<\/div>\n\t\t\t\t<\/div>\n\t\t\t\t\t<\/div>\n\t\t<\/div>\n\t\t\t\t<div class=\"elementor-column elementor-col-33 elementor-top-column elementor-element elementor-element-9ca6cd4\" data-id=\"9ca6cd4\" data-element_type=\"column\">\n\t\t\t<div class=\"elementor-widget-wrap elementor-element-populated\">\n\t\t\t\t\t\t\t\t<div class=\"elementor-element elementor-element-8b5339e elementor-widget elementor-widget-heading\" data-id=\"8b5339e\" data-element_type=\"widget\" data-widget_type=\"heading.default\">\n\t\t\t\t<div class=\"elementor-widget-container\">\n\t\t\t<h4 class=\"elementor-heading-title elementor-size-default\">Special Session Co-Chairs<\/h4>\t\t<\/div>\n\t\t\t\t<\/div>\n\t\t\t\t\t<\/div>\n\t\t<\/div>\n\t\t\t\t<div class=\"elementor-column elementor-col-33 elementor-top-column elementor-element elementor-element-a2e7eb0\" data-id=\"a2e7eb0\" data-element_type=\"column\">\n\t\t\t<div class=\"elementor-widget-wrap elementor-element-populated\">\n\t\t\t\t\t\t\t\t<div class=\"elementor-element elementor-element-509ae90 elementor-widget elementor-widget-heading\" data-id=\"509ae90\" data-element_type=\"widget\" data-widget_type=\"heading.default\">\n\t\t\t\t<div class=\"elementor-widget-container\">\n\t\t\t<h4 class=\"elementor-heading-title elementor-size-default\">Publicity Co-Chairs<\/h4>\t\t<\/div>\n\t\t\t\t<\/div>\n\t\t\t\t\t<\/div>\n\t\t<\/div>\n\t\t\t\t\t\t\t<\/div>\n\t\t<\/section>\n\t\t\t\t<section class=\"elementor-section elementor-top-section elementor-element elementor-element-d221d4b elementor-section-boxed elementor-section-height-default elementor-section-height-default\" data-id=\"d221d4b\" data-element_type=\"section\">\n\t\t\t\t\t\t<div class=\"elementor-container elementor-column-gap-default\">\n\t\t\t\t\t<div class=\"elementor-column elementor-col-33 elementor-top-column elementor-element elementor-element-e431179\" data-id=\"e431179\" data-element_type=\"column\">\n\t\t\t<div class=\"elementor-widget-wrap elementor-element-populated\">\n\t\t\t\t\t\t\t\t<div class=\"elementor-element elementor-element-d8999ba elementor-widget elementor-widget-text-editor\" data-id=\"d8999ba\" data-element_type=\"widget\" data-widget_type=\"text-editor.default\">\n\t\t\t\t<div class=\"elementor-widget-container\">\n\t\t\t\t\t\t\t<p>Yang Shi, Valentin Ivanov,\u00a0<\/p><p>Huijun Gao<\/p>\t\t\t\t\t\t<\/div>\n\t\t\t\t<\/div>\n\t\t\t\t\t<\/div>\n\t\t<\/div>\n\t\t\t\t<div class=\"elementor-column elementor-col-33 elementor-top-column elementor-element elementor-element-5f5052d\" data-id=\"5f5052d\" data-element_type=\"column\">\n\t\t\t<div class=\"elementor-widget-wrap elementor-element-populated\">\n\t\t\t\t\t\t\t\t<div class=\"elementor-element elementor-element-1ee9a2e elementor-widget elementor-widget-text-editor\" data-id=\"1ee9a2e\" data-element_type=\"widget\" data-widget_type=\"text-editor.default\">\n\t\t\t\t<div class=\"elementor-widget-container\">\n\t\t\t\t\t\t\t<p>Kyoung Kwan Ahn, Kiyoshi Ohishi<\/p>\t\t\t\t\t\t<\/div>\n\t\t\t\t<\/div>\n\t\t\t\t\t<\/div>\n\t\t<\/div>\n\t\t\t\t<div class=\"elementor-column elementor-col-33 elementor-top-column elementor-element elementor-element-60839bb\" data-id=\"60839bb\" data-element_type=\"column\">\n\t\t\t<div class=\"elementor-widget-wrap elementor-element-populated\">\n\t\t\t\t\t\t\t\t<div class=\"elementor-element elementor-element-ff2497c elementor-widget elementor-widget-text-editor\" data-id=\"ff2497c\" data-element_type=\"widget\" data-widget_type=\"text-editor.default\">\n\t\t\t\t<div class=\"elementor-widget-container\">\n\t\t\t\t\t\t\t<p>Kenta Seki, Rong-Feng Fung,\u00a0<\/p><p>Meng-Shiun Tsai, Fang-Jung Shiou<\/p><p>\u00a0Chang-Hua Lien<\/p>\t\t\t\t\t\t<\/div>\n\t\t\t\t<\/div>\n\t\t\t\t\t<\/div>\n\t\t<\/div>\n\t\t\t\t\t\t\t<\/div>\n\t\t<\/section>\n\t\t\t\t<section class=\"elementor-section elementor-top-section elementor-element elementor-element-9f96fe2 elementor-section-boxed elementor-section-height-default elementor-section-height-default\" data-id=\"9f96fe2\" data-element_type=\"section\">\n\t\t\t\t\t\t<div class=\"elementor-container elementor-column-gap-default\">\n\t\t\t\t\t<div class=\"elementor-column elementor-col-33 elementor-top-column elementor-element elementor-element-8b2adcc\" data-id=\"8b2adcc\" data-element_type=\"column\">\n\t\t\t<div class=\"elementor-widget-wrap elementor-element-populated\">\n\t\t\t\t\t\t\t\t<div class=\"elementor-element elementor-element-8a7b11d elementor-widget elementor-widget-heading\" data-id=\"8a7b11d\" data-element_type=\"widget\" data-widget_type=\"heading.default\">\n\t\t\t\t<div class=\"elementor-widget-container\">\n\t\t\t<h4 class=\"elementor-heading-title elementor-size-default\">Publication Co-Chairs<\/h4>\t\t<\/div>\n\t\t\t\t<\/div>\n\t\t\t\t\t<\/div>\n\t\t<\/div>\n\t\t\t\t<div class=\"elementor-column elementor-col-33 elementor-top-column elementor-element elementor-element-b9d3ed5\" data-id=\"b9d3ed5\" data-element_type=\"column\">\n\t\t\t<div class=\"elementor-widget-wrap elementor-element-populated\">\n\t\t\t\t\t\t\t\t<div class=\"elementor-element elementor-element-3564782 elementor-widget elementor-widget-heading\" data-id=\"3564782\" data-element_type=\"widget\" data-widget_type=\"heading.default\">\n\t\t\t\t<div class=\"elementor-widget-container\">\n\t\t\t<h4 class=\"elementor-heading-title elementor-size-default\">International Advisory Board<\/h4>\t\t<\/div>\n\t\t\t\t<\/div>\n\t\t\t\t\t<\/div>\n\t\t<\/div>\n\t\t\t\t<div class=\"elementor-column elementor-col-33 elementor-top-column elementor-element elementor-element-71a34e8\" data-id=\"71a34e8\" data-element_type=\"column\">\n\t\t\t<div class=\"elementor-widget-wrap elementor-element-populated\">\n\t\t\t\t\t\t\t\t<div class=\"elementor-element elementor-element-72cc776 elementor-widget elementor-widget-heading\" data-id=\"72cc776\" data-element_type=\"widget\" data-widget_type=\"heading.default\">\n\t\t\t\t<div class=\"elementor-widget-container\">\n\t\t\t<h4 class=\"elementor-heading-title elementor-size-default\">Organizer<\/h4>\t\t<\/div>\n\t\t\t\t<\/div>\n\t\t\t\t\t<\/div>\n\t\t<\/div>\n\t\t\t\t\t\t\t<\/div>\n\t\t<\/section>\n\t\t\t\t<section class=\"elementor-section elementor-top-section elementor-element elementor-element-81edcca elementor-section-boxed elementor-section-height-default elementor-section-height-default\" data-id=\"81edcca\" data-element_type=\"section\">\n\t\t\t\t\t\t<div class=\"elementor-container elementor-column-gap-default\">\n\t\t\t\t\t<div class=\"elementor-column elementor-col-33 elementor-top-column elementor-element elementor-element-d78e724\" data-id=\"d78e724\" data-element_type=\"column\">\n\t\t\t<div class=\"elementor-widget-wrap elementor-element-populated\">\n\t\t\t\t\t\t\t\t<div class=\"elementor-element elementor-element-666d689 elementor-widget elementor-widget-text-editor\" data-id=\"666d689\" data-element_type=\"widget\" data-widget_type=\"text-editor.default\">\n\t\t\t\t<div class=\"elementor-widget-container\">\n\t\t\t\t\t\t\t<p><span style=\"font-weight: var( --e-global-typography-text-font-weight );\">Truong Quang Dinh,\u00a0<\/span>JJ Chong,\u00a0<\/p><p>Makoto Iwasaki<\/p>\t\t\t\t\t\t<\/div>\n\t\t\t\t<\/div>\n\t\t\t\t\t<\/div>\n\t\t<\/div>\n\t\t\t\t<div class=\"elementor-column elementor-col-33 elementor-top-column elementor-element elementor-element-7b69545\" data-id=\"7b69545\" data-element_type=\"column\">\n\t\t\t<div class=\"elementor-widget-wrap elementor-element-populated\">\n\t\t\t\t\t\t\t\t<div class=\"elementor-element elementor-element-96b1c5b elementor-widget elementor-widget-text-editor\" data-id=\"96b1c5b\" data-element_type=\"widget\" data-widget_type=\"text-editor.default\">\n\t\t\t\t<div class=\"elementor-widget-container\">\n\t\t\t\t\t\t\t<p>Biao Huang,\u00a0<span style=\"font-weight: var( --e-global-typography-text-font-weight );\">\u00a0<\/span><span style=\"font-weight: var( --e-global-typography-text-font-weight );\">Song-lin Zhuang<\/span><span style=\"font-weight: var( --e-global-typography-text-font-weight );\">,\u00a0<\/span><\/p><p><span style=\"font-weight: var( --e-global-typography-text-font-weight );\">Zhan Li,\u00a0<\/span>Yang Shi, Huijin Gao,\u00a0<\/p><p><span style=\"font-weight: var( --e-global-typography-text-font-weight );\">Xing-hu Yu,\u00a0<\/span>Adriano Fagiolini,\u00a0\u00a0<\/p><p><span style=\"font-weight: var( --e-global-typography-text-font-weight );\">Seiichiro Katsura,<\/span><span style=\"font-weight: var( --e-global-typography-text-font-weight );\">\u00a0<\/span><span style=\"font-weight: var( --e-global-typography-text-font-weight );\">Kazuaki Ito,\u00a0<\/span><\/p><p>Kenji Natori,\u00a0Barys Shyrokau,<\/p><p>Peter Xu,\u00a0<span style=\"font-weight: var( --e-global-typography-text-font-weight );\">Fan-Tien Cheng,<\/span><span style=\"font-weight: var( --e-global-typography-text-font-weight );\">\u00a0<\/span><\/p><p><span style=\"font-weight: var( --e-global-typography-text-font-weight );\">Jen-Shiun Chiang,\u00a0<\/span>Jyh-Horng Chou,<\/p><p>Yung-Chun Lee,\u00a0Ching-Chih Tsai,<\/p><p>Yao-Joe Joseph Yang,\u00a0\u00a0Jia-Yush Yen<\/p>\t\t\t\t\t\t<\/div>\n\t\t\t\t<\/div>\n\t\t\t\t\t<\/div>\n\t\t<\/div>\n\t\t\t\t<div class=\"elementor-column elementor-col-33 elementor-top-column elementor-element elementor-element-d6e274f\" data-id=\"d6e274f\" data-element_type=\"column\">\n\t\t\t<div class=\"elementor-widget-wrap elementor-element-populated\">\n\t\t\t\t\t\t\t\t<div class=\"elementor-element elementor-element-cb1805c elementor-widget elementor-widget-text-editor\" data-id=\"cb1805c\" data-element_type=\"widget\" data-widget_type=\"text-editor.default\">\n\t\t\t\t<div class=\"elementor-widget-container\">\n\t\t\t\t\t\t\t<p>National Kaohsiung University of Science and Technology<\/p><p>Newcastle University in Singapore<\/p>\t\t\t\t\t\t<\/div>\n\t\t\t\t<\/div>\n\t\t\t\t\t<\/div>\n\t\t<\/div>\n\t\t\t\t\t\t\t<\/div>\n\t\t<\/section>\n\t\t\t\t<section class=\"elementor-section elementor-top-section elementor-element elementor-element-2e30877 elementor-section-boxed elementor-section-height-default elementor-section-height-default\" data-id=\"2e30877\" data-element_type=\"section\">\n\t\t\t\t\t\t<div class=\"elementor-container elementor-column-gap-default\">\n\t\t\t\t\t<div class=\"elementor-column elementor-col-100 elementor-top-column elementor-element elementor-element-a37414a\" data-id=\"a37414a\" data-element_type=\"column\">\n\t\t\t<div class=\"elementor-widget-wrap elementor-element-populated\">\n\t\t\t\t\t\t\t\t<div class=\"elementor-element elementor-element-534c4be elementor-widget elementor-widget-heading\" data-id=\"534c4be\" data-element_type=\"widget\" data-widget_type=\"heading.default\">\n\t\t\t\t<div class=\"elementor-widget-container\">\n\t\t\t<h4 class=\"elementor-heading-title elementor-size-default\">Local Organizing Committee<\/h4>\t\t<\/div>\n\t\t\t\t<\/div>\n\t\t\t\t\t<\/div>\n\t\t<\/div>\n\t\t\t\t\t\t\t<\/div>\n\t\t<\/section>\n\t\t\t\t<section class=\"elementor-section elementor-top-section elementor-element elementor-element-52588b3 elementor-section-boxed elementor-section-height-default elementor-section-height-default\" data-id=\"52588b3\" data-element_type=\"section\">\n\t\t\t\t\t\t<div class=\"elementor-container elementor-column-gap-default\">\n\t\t\t\t\t<div class=\"elementor-column elementor-col-25 elementor-top-column elementor-element elementor-element-9a06e54\" data-id=\"9a06e54\" data-element_type=\"column\">\n\t\t\t<div class=\"elementor-widget-wrap\">\n\t\t\t\t\t\t\t\t\t<\/div>\n\t\t<\/div>\n\t\t\t\t<div class=\"elementor-column elementor-col-50 elementor-top-column elementor-element elementor-element-edc3364\" data-id=\"edc3364\" data-element_type=\"column\">\n\t\t\t<div class=\"elementor-widget-wrap elementor-element-populated\">\n\t\t\t\t\t\t\t\t<div class=\"elementor-element elementor-element-983e5cc elementor-widget elementor-widget-text-editor\" data-id=\"983e5cc\" data-element_type=\"widget\" data-widget_type=\"text-editor.default\">\n\t\t\t\t<div class=\"elementor-widget-container\">\n\t\t\t\t\t\t\t<p>Tsung-Liang Wu, I-Jen Sung, Min-Huang Ho,&nbsp;<\/p>\n<p>Chen-Jung Li,&nbsp;Heng-Chih Yeh, Wen-Cheng Kuo,&nbsp;<\/p>\n<p>Po-Wen Hsueh, Chun-Chih Kuo, Wu-Sung Yao,&nbsp;<\/p><p>Shu-Yun Yu<\/p>\t\t\t\t\t\t<\/div>\n\t\t\t\t<\/div>\n\t\t\t\t\t<\/div>\n\t\t<\/div>\n\t\t\t\t<div class=\"elementor-column elementor-col-25 elementor-top-column elementor-element elementor-element-241feaa\" data-id=\"241feaa\" data-element_type=\"column\">\n\t\t\t<div class=\"elementor-widget-wrap\">\n\t\t\t\t\t\t\t\t\t<\/div>\n\t\t<\/div>\n\t\t\t\t\t\t\t<\/div>\n\t\t<\/section>\n\t\t\t\t<section class=\"elementor-section elementor-top-section elementor-element elementor-element-b30da97 elementor-section-boxed elementor-section-height-default elementor-section-height-default\" data-id=\"b30da97\" data-element_type=\"section\">\n\t\t\t\t\t\t<div class=\"elementor-container elementor-column-gap-default\">\n\t\t\t\t\t<div class=\"elementor-column elementor-col-100 elementor-top-column elementor-element elementor-element-8720acd\" data-id=\"8720acd\" data-element_type=\"column\">\n\t\t\t<div class=\"elementor-widget-wrap elementor-element-populated\">\n\t\t\t\t\t\t\t\t<div class=\"elementor-element elementor-element-3430db1 elementor-widget elementor-widget-heading\" data-id=\"3430db1\" data-element_type=\"widget\" data-widget_type=\"heading.default\">\n\t\t\t\t<div class=\"elementor-widget-container\">\n\t\t\t<h4 class=\"elementor-heading-title elementor-size-default\">International Steering Commitee<\/h4>\t\t<\/div>\n\t\t\t\t<\/div>\n\t\t\t\t\t<\/div>\n\t\t<\/div>\n\t\t\t\t\t\t\t<\/div>\n\t\t<\/section>\n\t\t\t\t<section class=\"elementor-section elementor-top-section elementor-element elementor-element-89f09cb elementor-section-boxed elementor-section-height-default elementor-section-height-default\" data-id=\"89f09cb\" data-element_type=\"section\">\n\t\t\t\t\t\t<div class=\"elementor-container elementor-column-gap-default\">\n\t\t\t\t\t<div class=\"elementor-column elementor-col-100 elementor-top-column elementor-element elementor-element-79b9dbd\" data-id=\"79b9dbd\" data-element_type=\"column\">\n\t\t\t<div class=\"elementor-widget-wrap elementor-element-populated\">\n\t\t\t\t\t\t\t\t<div class=\"elementor-element elementor-element-4069d16 elementor-widget elementor-widget-text-editor\" data-id=\"4069d16\" data-element_type=\"widget\" data-widget_type=\"text-editor.default\">\n\t\t\t\t<div class=\"elementor-widget-container\">\n\t\t\t\t\t\t\t<p><strong>Australia:<\/strong> Gursel Alici, John Billingsley, Saeid Nahavandi, Bijan Shirinzadeh.<\/p><p><strong>Canada:<\/strong> Greg Baiden, Yassiah Bissiri.<\/p><p><strong>China:<\/strong> Zengqi Sun, Guozheng Yan, Zhaoyao Shi, Xudong Kang, Dazhi Wang.<\/p><p><strong>Germany:<\/strong> Eberhard Manske, Gerd J\u00e4ger, Bodo Heinmann, Sergej Fatikow.<\/p><p><strong>Greece: <\/strong>Kalogiannakis Michail.<\/p><p><strong>Hungary:<\/strong> Somlo Janos, Imre J. Rudas.<\/p><p><strong>Italy:<\/strong> Adolfo Senatore, Giuseppe Quaglia.<\/p><p><strong>Japan: <\/strong>Nobuyuki Iwatsuki, Mamoru Mitsuishi, Naoki Asakawa, Tadahiko Shinshi.<\/p><p><strong>Korea:<\/strong> Kyoung Kwan Ahn, Soon Young Yang, Byung Ryong Lee, Young Jin Yum, Jung Ho Park, Dongwon Yun.<\/p><p><strong>Malaysia:<\/strong> Shamsudin Bin Hj. Mohd. Amin.<\/p><p><strong>Mexico:<\/strong> Jes\u00fas Manuel Dorador-Gonz\u00e1lez, Jos\u00e9 E.V. Soto, Eduardo C. Castaneda.<\/p><p><strong>Philippines:<\/strong>\u00a0 Feliciano\u00a0 H. Japitana, Elmer\u00a0 P. Dadios.<\/p><p><strong>Singapore:<\/strong> Ser-Yong\u00a0 Lim, Danwei\u00a0 Wang, Marcelo H. Ang. Jr, JJ Chong.<\/p><p><strong>Taiwan:<\/strong> Yung-Tien Liu, Ming-Shyan Huang.<\/p><p><strong>Thailand:<\/strong> Manukid Parnichkun, Nitin Afzulpurker.<\/p><p><strong>Turkey:<\/strong> Okyay\u00a0 Kaynak.<\/p><p><strong>UK:<\/strong> Truong Quang Dinh, Robert Parkin, Mike Jackson.<\/p><p><strong>USA:<\/strong> Jay Lee, Oussama Khatib, Kazuo Yamazaki, Chia-Hsiang Menq.<\/p><p><strong>Vietnam:<\/strong> Quoc Thanh Truong, Ho Pham Huy Anh, Khoa Son Nguyen, Si Thai Dau.<\/p>\t\t\t\t\t\t<\/div>\n\t\t\t\t<\/div>\n\t\t\t\t\t<\/div>\n\t\t<\/div>\n\t\t\t\t\t\t\t<\/div>\n\t\t<\/section>\n\t\t\t\t\t\t\t<\/div>\n\t\t","protected":false},"excerpt":{"rendered":"<p>Honorable Chairs General Chair General Co-Chairs Ching-Yu Yang\u00a0 Nobuyuki Iwatsuki Ker-Wei Yu Yung-Tien Liu Ming-Shyan Huang JJ Chong Technical Program Co-Chairs Special Session Co-Chairs Publicity Co-Chairs Yang Shi, Valentin Ivanov,\u00a0 Huijun Gao Kyoung Kwan Ahn, Kiyoshi Ohishi Kenta Seki, Rong-Feng Fung,\u00a0 Meng-Shiun Tsai, Fang-Jung Shiou \u00a0Chang-Hua Lien Publication Co-Chairs International Advisory Board Organizer Truong Quang [&hellip;]<\/p>\n","protected":false},"author":1,"featured_media":241,"parent":0,"menu_order":0,"comment_status":"closed","ping_status":"closed","template":"","meta":{"footnotes":""},"class_list":["post-10","page","type-page","status-publish","has-post-thumbnail","hentry"],"_links":{"self":[{"href":"https:\/\/icmt2022.nkust.edu.tw\/index.php\/wp-json\/wp\/v2\/pages\/10","targetHints":{"allow":["GET"]}}],"collection":[{"href":"https:\/\/icmt2022.nkust.edu.tw\/index.php\/wp-json\/wp\/v2\/pages"}],"about":[{"href":"https:\/\/icmt2022.nkust.edu.tw\/index.php\/wp-json\/wp\/v2\/types\/page"}],"author":[{"embeddable":true,"href":"https:\/\/icmt2022.nkust.edu.tw\/index.php\/wp-json\/wp\/v2\/users\/1"}],"replies":[{"embeddable":true,"href":"https:\/\/icmt2022.nkust.edu.tw\/index.php\/wp-json\/wp\/v2\/comments?post=10"}],"version-history":[{"count":109,"href":"https:\/\/icmt2022.nkust.edu.tw\/index.php\/wp-json\/wp\/v2\/pages\/10\/revisions"}],"predecessor-version":[{"id":2228,"href":"https:\/\/icmt2022.nkust.edu.tw\/index.php\/wp-json\/wp\/v2\/pages\/10\/revisions\/2228"}],"wp:featuredmedia":[{"embeddable":true,"href":"https:\/\/icmt2022.nkust.edu.tw\/index.php\/wp-json\/wp\/v2\/media\/241"}],"wp:attachment":[{"href":"https:\/\/icmt2022.nkust.edu.tw\/index.php\/wp-json\/wp\/v2\/media?parent=10"}],"curies":[{"name":"wp","href":"https:\/\/api.w.org\/{rel}","templated":true}]}}